 divisor of v and 3.
3
Let a = -133 - -204. Calculate the highest common factor of a and 781.
71
Let x = 309 - 243. What is the greatest common divisor of 77 and x?
11
Let q(y) = 19*y - 75. Let p be q(6). Calculate the highest common factor of 2379 and p.
39
Suppose -177*z = -167*z - 7790. Calculate the greatest common factor of 38 and z.
19
Let s = -3 - -5. Suppose 5*b = -s*y + 1195, -4*b = 2*y - b - 1197. Suppose 6*g - g - y = 0. Calculate the highest common divisor of g and 24.
24
Let x = 862 + -790. Calculate the greatest common divisor of 36 and x.
36
Suppose -132*p + 192*p = 720. Calculate the greatest common factor of p and 40.
4
Let y = -41 - -68. Calculate the highest common divisor of y and 6.
3
Suppose 2*q - 5*i + 3 = -17, q + 4*i - 16 = 0. Let s be (q/5 - 2) + 4. What is the highest common divisor of s and 8?
2
Suppose 15*w = 18*w. Suppose -18 = -w*a - a. Calculate the greatest common factor of 162 and a.
18
Suppose -27*j + 2*q - 15080 = -32*j, 0 = 4*j - 5*q - 12064. Calculate the greatest common factor of j and 52.
52
Suppose -t + 56 = -3*t - 3*k, 2*t - 2*k = -46. Let n = t - -37. Calculate the greatest common divisor of n and 36.
12
Let z = 78 + -126. Let u = z - -147. What is the highest common factor of 11 and u?
11
Let j = 193 + -142. Let r = -99 + 150. Calculate the greatest common divisor of r and j.
51
Suppose 3*g = -0*g + 231. Let l(i) = 3*i - 3. Let z be l(2). Suppose -3*m = -z*v - 33, 3*m - 2*v - 8 = 25. What is the highest common factor of m and g?
11
Let q = 34 + -27. Let m be 47 + q + -3 + 1. Calculate the highest common factor of m and 13.
13
Suppose 4 = -3*s + 16. Suppose -s*o + 792 = -o. What is the highest common divisor of o and 24?
24
Let q be (-2022)/(-63) + ((-60)/(-126))/(-5). What is the greatest common factor of q and 4?
4
Let m be (12/9 + 0)*3. Let q = -13 + -2. Let n = 21 - q. Calculate the greatest common divisor of n and m.
4
Let t be 6/4*(27 + -5). Suppose 4*b = 6*b - 5*x - t, -x = -3. Calculate the greatest common divisor of 60 and b.
12
Let l be 304 + 24/8 + -13. What is the highest common factor of 2 and l?
2
Let i be (950/(-5) + -2)*-2. Calculate the greatest common factor of i and 240.
48
Suppose -w = -2*i - 10, 5*w - 4*w = -2*i + 10. What is the greatest common divisor of 1790 and w?
10
Let m be 273/105 - (7/(-5) + 2). Suppose -m*k - x + 229 = -28, 0 = 4*k + 3*x - 519. Calculate the highest common factor of 18 and k.
18
Suppose 0 = -2*l + 388 + 462. Calculate the highest common factor of 34 and l.
17
Let q(o) = -3*o - 63. Let x be q(-27). Let g be ((-720)/(-25))/((-2)/(-10)). Suppose 0 = 2*w - w - g. Calculate the greatest common factor of w and x.
18
Let r(c) = 43 - 127 + 34 + 39 - 9*c. Let f be r(-7). What is the greatest common divisor of 4 and f?
4
Suppose 5*i - 2 = 48. Let s be i*(24/10 - 2). Suppose -633*h = -670*h + 1036. Calculate the greatest common factor of h and s.
4
Let k(v) = v**2 - 4*v - 4. Let g be k(7). Let j be 51*((18/8)/(-9))/(4/(-16)). What is the highest common divisor of j and g?
17
Let l(j) = 2*j**3 - 3*j**2 + 6*j - 10. Let y be l(2). Calculate the highest common factor of 32 and y.
2
Let d = -7 + 15. Let t be ((-8)/(-5))/(d/60). Suppose 0 = -5*z - u + 57, -2*z - 2*u + 6 + 12 = 0. Calculate the greatest common divisor of t and z.
12
Let h = 42 + -14. Let r = 108 + -105. Suppose 0 = r*g, -3*g = 5*d + 8 - 43. What is the greatest common factor of h and d?
7
Let u = 1 + 1. Suppose -u*t + 3*t + 5*n = 28, -3*t + n = -52. Suppose -64*g + 1440 = -32*g. What is the highest common divisor of t and g?
9
Let l = -287 - -1057. What is the greatest common divisor of 210 and l?
70
Let l = -272 + 335. What is the greatest common divisor of l and 42?
21
Let t(x) = x**3 + 11*x**2 + 13*x - 1. Let d be t(-10). Let j = d - -31. Suppose j*z + 120 = 6*z. What is the highest common factor of 4 and z?
4
Let a = -31 + 46. Let r = 15 + a. What is the greatest common divisor of 240 and r?
30
Let p = 807 - 795. Calculate the greatest common factor of p and 114.
6
Let u be -3*1*(-120)/36. Let k be (u/(-15))/(2/(-12)). What is the greatest common factor of k and 28?
4
Let x(c) = 2*c**2 - 8*c + 6. Let n be x(9). Suppose 4*m + 4*m = n. Calculate the greatest common divisor of m and 8.
4
Let t(u) = u**2 - 50*u - 863. Let p be t(-14). Let m = 39 - 6. What is the greatest common divisor of m and p?
33
Let a be 4 + (-7 - (-3)/1). Suppose 3*i - m - 580 = a, 188 = i - m - 8. Calculate the highest common divisor of 24 and i.
24
Let p(d) = 24*d + 18. Let g be p(12). Let i be ((-6)/(-9))/((-12)/g). Let m = i + 47. What is the highest common factor of 20 and m?
10
Suppose 7*j + 118 = -141. Let x = j + 33. Let a be 22 + x/(4/(-3)). What is the highest common factor of 10 and a?
5
Let z = 873 + -867. Calculate the highest common factor of 6 and z.
6
Suppose -2636 = 4*q + 5*x, -2*q = 3*q + 2*x + 3295. Let r = q - -439. Let i be r/(-6)*9/6. What is the greatest common divisor of i and 5?
5
Let m = -24 - -35. Let w(y) = -33*y + 154. Let p be w(2). What is the greatest common divisor of p and m?
11
Suppose 0 = -y - 0*y + 4. Let z be 168 + (-2)/(y - 2). Let j = 299 - z. What is the greatest common divisor of j and 12?
12
Suppose 0 = -57*s + 56*s + 116. Calculate the greatest common divisor of 87 and s.
29
Let w(z) = -2*z**2 - 26*z + 27. Let u be w(-12). Calculate the greatest common divisor of 187 and u.
17
Suppose 240*k - 231 = 207*k. Calculate the greatest common factor of k and 336.
7
Let g = 118 + -106. What is the greatest common factor of 24 and g?
12
Let q be (-25)/(3*(-6)/54)*1. Calculate the greatest common divisor of q and 3.
3
Suppose 148 = s - 4*q, -5*s - 62 + 726 = -q. What is the highest common factor of 198 and s?
66
Let g(v) = -17*v + 80. Let j be g(-12). What is the greatest common factor of 4 and j?
4
Suppose -4*k + 5 = -43. Let l be k + (3 - 5)*4/8. Let w be 2/6 + (-262)/(-6). What is the greatest common divisor of w and l?
11
Let o(i) = -i**3 + 13*i**2 - 25*i + 6. Suppose -5*x = 2*p - 3*p + 10, 4*x = p - 10. Let t be o(p). What is the highest common factor of t and 7?
7
Suppose 0 = 75*y - 78*y + 795. What is the greatest common divisor of 5 and y?
5
Let f = -640 + 1298. What is the greatest common divisor of 47 and f?
47
Let t = 109 + -96. Suppose -2*n + 12 = 2*n. Let x = t + n. Calculate the greatest common divisor of 16 and x.
16
Suppose -5*x + 80 = -4*z, -6 - 22 = -4*x - 4*z. Let n = 187 - 103. What is the greatest common factor of x and n?
12
Let p = 207 + -165. Calculate the highest common divisor of p and 168.
42
Let u = 36 - 40. Let n be ((-48)/(-28))/u - 104/(-14). What is the greatest common factor of n and 21?
7
Suppose 2*g + 0*q + 4*q = -100, 200 = -4*g - 2*q. Let z = 76 + g. Suppose -5*h + 974 + 66 = 0. Calculate the highest common factor of z and h.
26
Suppose -2*w - 148 = -166. Let a(r) = 9*r**2 - r + 1. Let v be a(1). What is the highest common factor of v and w?
9
Suppose 221 + 80 = 7*f. Calculate the greatest common divisor of f and 1.
1
Suppose 89*u = 82*u + 252. What is the highest common divisor of u and 4?
4
Suppose 0 = -4768*v + 4771*v - 42. Suppose z - 500 = -3*z. Let o = -13 + z. What is the greatest common factor of v and o?
14
Let z(b) = -9*b**2 + 110*b + 3. Let p be z(12). Calculate the highest common factor of p and 36.
9
Suppose -5*v = 3*h + 128 - 581, 0 = -v - 3. Let n = 57 + -5. What is the highest common divisor of n and h?
52
Let a(r) = 2*r**2 + 11*r + 2. Let c be a(-7). Suppose 3*b = c - 8, 2*g - 3*b - 881 = 0. What is the greatest common factor of g and 56?
56
Let m be 2/(-52)*-4 - (-13193)/1027. What is the greatest common factor of m and 611?
13
Let f be -29*((-25)/5)/5. Let d = -28 + f. Calculate the highest common divisor of d and 9.
1
Let m be (-6)/(-24) + (-6)/(-8). Let q(a) = 194*a + 1. Let l be q(m). Suppose 3*g = -2*g + l. What is the highest common factor of g and 13?
13
Suppose -86 = -5*j + 3*k, -j + k = 3*k - 25. Let f be -21*(-17)/((-153)/(-57)). What is the greatest common factor of f and j?
19
Suppose 3*n - 6*n + 3 = 0, -5*s = -n - 9. Let l be (2 - 3)*(4 + s). Let f = l - -16. Calculate the highest common factor of 10 and f.
10
Let x(w) = -54*w + 1. Let k be x(-1). Suppose -4*a + k = -29. Suppose -4*y + 6*v - 3*v = -96, -v + 38 = 2*y. Calculate th